of y and j?
12
Let j = -64 + 124. Suppose -2*k = 3*t - 2, -3*k + 1 = t + 5. Let o(u) = 4*u**2 + u + 1. Let p be o(k). Calculate the greatest common divisor of p and j.
15
Suppose -55 = -3*i + 38. Suppose i + 17 = 4*y. What is the highest common factor of 60 and y?
12
Suppose u - s + 6 = 0, 0*s + 3*s = -u + 14. Let j be (-1)/(1/10*u). What is the highest common factor of 30 and j?
10
Suppose -2*o - 3*o - 5*h = 0, h - 5 = 0. Let r be 12/(-2 - o)*1. Calculate the greatest common divisor of 12 and r.
4
Let t(m) = m**2 - 2*m + 14. Let g be t(9). Calculate the highest common factor of g and 7.
7
Suppose -33 = -2*y - 7. What is the greatest common factor of 65 and y?
13
Let b be -6*(-3 + -3 + 3). What is the greatest common factor of 2 and b?
2
Suppose 2*n + 2*n = 2*t - 70, -4*t = 5*n - 88. Calculate the highest common factor of 18 and t.
9
Let n be 98/8 - 15/(-20). What is the greatest common divisor of 39 and n?
13
Let r(j) = -j**3 + 4*j + 5. Let x be r(-7). Suppose -3*s - x = -8*s. Let b = s - -24. Calculate the greatest common divisor of b and 11.
11
Let x(b) = 76*b**3 - 1. Let p(o) = o**2 - 9*o + 9. Suppose -s + 4*s = 24. Let j be p(s). Let r be x(j). Calculate the greatest common factor of 30 and r.
15
Suppose 4*z - 215 + 11 = 0. Calculate the highest common factor of 17 and z.
17
Suppose 212 = 5*g - 228. What is the greatest common factor of 11 and g?
11
Let k(m) = -m**3 + 7*m**2 + 8*m - 6. Let g be k(7). Calculate the greatest common factor of g and 20.
10
Let q = -13 - -26. What is the greatest common divisor of 117 and q?
13
Let j(g) = -g + 1. Let v(w) = -2*w. Let q(s) = -5*j(s) + v(s). Let u be q(11). Calculate the greatest common factor of 14 and u.
14
Let d(k) = k**3 - 5*k**2 + 3*k - 5. Let o be ((-4)/8)/(1/(-8)). Let p be d(o). Let c be -54*3/(p/4). What is the greatest common factor of 8 and c?
8
Let v(c) = -c + 16. Let f be v(-6). What is the highest common factor of 176 and f?
22
Suppose 4*w - 25 = 3*j - 8, -3*j - 9 = 0. Suppose 5*i - 2*b - 931 = 0, w*i + i = 3*b + 555. What is the highest common factor of i and 17?
17
Let u = 554 + -246. Calculate the greatest common factor of u and 44.
44
Let x = 254 + -243. Let u = 323 - 224. What is the greatest common divisor of x and u?
11
Let z = 67 - 44. What is the greatest common divisor of 115 and z?
23
Let a be -2 + 4 - (-2)/1. Suppose 4 = 4*x - a. Suppose -2*b = x*b - 36. What is the greatest common divisor of 9 and b?
9
Let x be -16 + 14 - (-168 + 1). Suppose 3*t = 9, 160 - 55 = 3*q + 2*t. Calculate the greatest common divisor of x and q.
33
Let n be (0/(1/1))/(-1). Suppose 3*u = -n*u. Suppose w = t - 70, u = 2*t + 5*w - w - 152. Calculate the greatest common divisor of t and 18.
18
Let w(h) = -27*h - 31. Let k be w(-4). Calculate the greatest common divisor of 7 and k.
7
Suppose 10 = 5*x - 15. Let k be (2 + 0 - x) + 7. What is the highest common divisor of 44 and k?
4
Let r = -24 + 36. What is the greatest common divisor of 3 and r?
3
Let y = -1 + 2. Let f(c) = 4*c. Let d be f(y). Let w be (-156)/(-10) + (-2)/(-5). What is the greatest common divisor of w and d?
4
Suppose -5*k = 5*w - 100, 0 = w + 2*k - 16 - 9. Let a = w + -1. Calculate the greatest common divisor of 154 and a.
14
Suppose -3*q + 2*z + 21 + 16 = 0, -1 = -q - 5*z. Calculate the highest common divisor of 99 and q.
11
Let g(j) = 4*j**2 + 6*j - 2. Let s be g(5). Let q be 6/2 + (1 - 0). Let i be 66/q - (-3)/(-6). What is the greatest common divisor of i and s?
16
Suppose -64 = 30*x - 31*x. Let t(k) = -k + 8. Let d be t(0). What is the greatest common divisor of d and x?
8
Let h = 25 - 18. Suppose 577 = a - 18. Suppose h*t = 2*t + a. What is the greatest common divisor of 17 and t?
17
Suppose -w - 4830 = -3*z, -4*z + w + 6440 = 2*w. Let o be (-1 + -2)*z/(-21). What is the greatest common factor of o and 23?
23
Let s = 6 + 6. Suppose 5*x + 128 + 129 = 3*m, 4*m - 3*x = 339. What is the highest common factor of m and s?
12
Let m = -3 - -18. Suppose 0 = -4*i + m + 25. Let w be (-126 - -1)*6/(-15). Calculate the highest common factor of i and w.
10
Let h be (-3 - 58*-7) + -1. Suppose 4*d = -4*v + 404, 0 = -4*d + 2*v - 5*v + h. What is the greatest common divisor of d and 11?
11
Let k(r) = -r**3 + 6*r**2 + 4*r - 6. Let l be k(6). Suppose 5*p = 20, -3*p = -2*s + p + 8. What is the greatest common divisor of s and l?
6
Let b = -10 - -14. Let r = b - -7. What is the highest common divisor of r and 121?
11
Suppose -2*r + 4 = -6. Suppose 0 = -r*y + 5, 0 = -5*f + 3*y + 35 + 62. What is the greatest common factor of 200 and f?
20
Suppose -5*t + 775 = -0*t. Calculate the greatest common divisor of t and 31.
31
Let j be 1230/50 + (-4)/(-10). Calculate the highest common divisor of 5 and j.
5
Suppose 45 = 2*i + 3*i. Suppose -4*y + 89 = i. Suppose -2*o + 6 = 0, 2*a + 1 = 4*o - 3. What is the greatest common divisor of a and y?
4
Suppose -14*s + 12 + 114 = 0. Calculate the highest common factor of s and 6.
3
Suppose 180 = 5*r - 5*l, -63 = -3*r - 5*l + 77. Let m = 160 - r. Let h(z) = z**3 - z + 15. Let n be h(0). Calculate the greatest common divisor of m and n.
15
Let h be (18/(-4))/((-21)/56). Suppose 5*l = 3*b + 306, -l = -4*l - b + 178. What is the greatest common factor of l and h?
12
Suppose -17 = -2*o + 47. Calculate the greatest common factor of o and 48.
16
Suppose -3*k - 2*k = -3*o + 49, -5*k + 112 = 4*o. Calculate the highest common factor of 23 and o.
23
Let w be ((-70)/(-4))/((-6)/(-36)). Calculate the highest common factor of w and 35.
35
Let g(q) = -q**2 - 4*q - 4. Let x be g(-6). Let c = -10 - x. Suppose -3*h = -c*h + 72. What is the greatest common factor of 6 and h?
6
Let k(p) = 2*p**2 - 12*p + 11. Let z be k(8). Calculate the greatest common divisor of 215 and z.
43
Let u be (16 - 44)*3/(-4). Calculate the greatest common factor of 84 and u.
21
Suppose -2*b + 28 = -0*b. Let c be (-4)/(-14) - (-6525)/21. Suppose -c = -3*x + 67. Calculate the highest common factor of x and b.
14
Suppose 15 = 5*i - d, 0 - 15 = -5*i + 5*d. Suppose r = -i*s + 16, -3*s + 4*r + r - 8 = 0. Calculate the highest common divisor of s and 16.
4
Let o(m) = m**2 + 6*m + 6. Let h be o(-4). Let p be (-2)/4 + (-15)/h. What is the highest common divisor of p and 1?
1
Suppose 0 = -d - 2*s + 10, 4*d + 2*s - 3*s - 58 = 0. What is the highest common divisor of d and 98?
14
Suppose -3*k + 1 = 4*m - 26, 4*m - k = 39. Let p be 7 - (6/(-2) + 1). Calculate the greatest common factor of m and p.
9
Let y(x) = 3*x**3 - 4*x**2 + 4*x - 2. Let p be y(2). Let f be 1/(-2) + 21/(-6). Let z be 20*((-7)/f)/1. What is the greatest common divisor of z and p?
7
Let p be (-2 - (-20)/8)*14. What is the highest common factor of p and 49?
7
Let h be (6 - 1/1) + -2. Let w(o) = o**2 - 6*o - 2. Let j be w(4). Let r be 68/6 - j/15. What is the greatest common divisor of r and h?
3
Suppose -21 + 5 = -4*i. Suppose 0 = -3*p - i*w - 5, -3*w - 10 - 1 = -5*p. Let d be ((-1)/(-3))/(1/33). What is the greatest common divisor of p and d?
1
Let v = -81 + 241. Suppose -x - v = c - 5*c, c - 5*x - 59 = 0. Let z = 35 + -9. Calculate the highest common divisor of z and c.
13
Let n(k) = -k**3 + 5*k**2 + 4*k + 4. Let c be n(5). Suppose 4*v + 0*o - 4*o = 84, 4*o = -2*v + 12. What is the greatest common divisor of c and v?
8
Let u = 0 - -7. Let z = u - 13. Let j be (z/4)/(3/(-28)). Calculate the greatest common factor of 98 and j.
14
Suppose -224 = -0*k - 4*k. Suppose 3*u = -s + 94, -3*u = -2*u - 4. Suppose -5*v = -s + 12. Calculate the greatest common divisor of k and v.
14
Suppose 0 = -5*r + 88 - 18. What is the greatest common factor of r and 224?
14
Let v = 56 - 51. Calculate the highest common divisor of 45 and v.
5
Let d = 12 + -22. Let f = 6 - d. Calculate the greatest common divisor of 48 and f.
16
Let q(f) = -f**3 + 5*f**2 + 2*f + 1. Let v be q(5). Let p = v + 29. Let b be (-9)/(34/p + -1). Calculate the highest common divisor of 15 and b.
15
Suppose 3*p + g = -0*p + 48, -3*g + 80 = 5*p. Let b(z) = -z + 112. Let v be b(0). Calculate the highest common factor of p and v.
16
Let o(j) = -2 + j**3 + 5 - j**2 - 4*j + 0*j**2. Let g be o(3). Let l be (-215)/(-3) + (-7)/(-21). Calculate the greatest common factor of l and g.
9
Let v(j) = -2*j + 4. Let a be v(3). Let q be (-1 + 2)*6*1. Let n = q + a. Wha